65.21.228.101 - - [18/Jun/2026:14:15:27 +0200] "POST /wp-cron.php?doing_wp_cron=1781784927.8330121040344238281250 HTTP/1.1" 200 0 "-" "WordPress/7.0; https://test1.therahuldas.com"
65.21.228.101 - - [18/Jun/2026:14:05:36 +0200] "POST /wp-cron.php?doing_wp_cron=1781784336.3962359428405761718750 HTTP/1.1" 200 0 "-" "WordPress/7.0; https://test1.therahuldas.com"
65.21.228.101 - - [18/Jun/2026:14:16:35 +0200] "POST /wp-cron.php?doing_wp_cron=1781784995.2495009899139404296875 HTTP/1.1" 200 0 "-" "WordPress/7.0; https://test1.therahuldas.com"
65.21.228.101 - - [18/Jun/2026:14:17:51 +0200] "POST /wp-cron.php?doing_wp_cron=1781785071.1222739219665527343750 HTTP/1.1" 200 0 "-" "WordPress/7.0; https://test1.therahuldas.com"
216.194.174.116 - - [18/Jun/2026:14:16:00 +0200] "GET /wp-login.php HTTP/2" 200 974 "-" "Mozilla/5.0 (Macintosh; Intel Mac OS X 10_15_7) AppleWebKit/537.36 (KHTML, like Gecko) Chrome/133.0.0.0 Safari/537.36"
216.194.174.116 - - [18/Jun/2026:14:16:01 +0200] "POST /wp-login.php HTTP/2" 200 974 "https://test1.therahuldas.com/wp-login.php" "Mozilla/5.0 (Macintosh; Intel Mac OS X 10_15_7) AppleWebKit/537.36 (KHTML, like Gecko) Chrome/133.0.0.0 Safari/537.36"
65.21.228.101 - - [18/Jun/2026:14:05:30 +0200] "POST /wp-cron.php?doing_wp_cron=1781784329.9937388896942138671875 HTTP/1.1" 200 0 "-" "WordPress/7.0; https://test1.therahuldas.com"
65.21.228.101 - - [18/Jun/2026:14:19:35 +0200] "POST /wp-cron.php?doing_wp_cron=1781785175.9274339675903320312500 HTTP/1.1" 200 0 "-" "WordPress/7.0; https://test1.therahuldas.com"
65.21.228.101 - - [18/Jun/2026:14:07:23 +0200] "POST /wp-cron.php?doing_wp_cron=1781784443.3102650642395019531250 HTTP/1.1" 200 0 "-" "WordPress/7.0; https://test1.therahuldas.com"
65.21.228.101 - - [18/Jun/2026:14:18:38 +0200] "POST /wp-cron.php?doing_wp_cron=1781785118.5111060142517089843750 HTTP/1.1" 200 0 "-" "WordPress/7.0; https://test1.therahuldas.com"
92.53.96.141 - - [18/Jun/2026:14:10:29 +0200] "GET /wp-login.php HTTP/2" 200 974 "-" "Mozilla/5.0 (X11; Ubuntu; Linux x86_64; rv:133.0) Gecko/20100101 Firefox/133.0"
92.53.96.141 - - [18/Jun/2026:14:10:29 +0200] "POST /wp-login.php HTTP/2" 200 974 "https://test1.therahuldas.com/wp-login.php" "Mozilla/5.0 (X11; Ubuntu; Linux x86_64; rv:133.0) Gecko/20100101 Firefox/133.0"
65.21.228.101 - - [18/Jun/2026:14:15:36 +0200] "POST /wp-cron.php?doing_wp_cron=1781784936.1729090213775634765625 HTTP/1.1" 200 0 "-" "WordPress/7.0; https://test1.therahuldas.com"
65.21.228.101 - - [18/Jun/2026:14:41:50 +0200] "POST /wp-cron.php?doing_wp_cron=1781786510.1064920425415039062500 HTTP/1.1" 200 0 "-" "WordPress/7.0; https://test1.therahuldas.com"
67.20.76.166 - - [18/Jun/2026:15:27:35 +0200] "GET /wp-login.php HTTP/2" 200 974 "-" "Mozilla/5.0 (Windows NT 10.0; Win64; x64) AppleWebKit/537.36 (KHTML, like Gecko) Chrome/120.0.0.0 Safari/537.36"
65.21.228.101 - - [18/Jun/2026:15:37:41 +0200] "POST /wp-cron.php?doing_wp_cron=1781789861.9276509284973144531250 HTTP/1.1" 200 0 "-" "WordPress/7.0; https://test1.therahuldas.com"
50.87.144.169 - - [18/Jun/2026:14:55:32 +0200] "GET /wp-login.php HTTP/2" 200 974 "-" "Mozilla/5.0 (Windows NT 10.0; Win64; x64) AppleWebKit/537.36 (KHTML, like Gecko) Chrome/120.0.0.0 Safari/537.36"
192.241.157.226 - - [18/Jun/2026:14:57:45 +0200] "GET /wp-login.php HTTP/2" 200 974 "-" "Mozilla/5.0 (X11; CrOS x86_64 14541.0.0) AppleWebKit/537.36 (KHTML, like Gecko) Chrome/133.0.0.0 Safari/537.36"
192.241.157.226 - - [18/Jun/2026:14:57:45 +0200] "POST /wp-login.php HTTP/2" 200 974 "https://test1.therahuldas.com/wp-login.php" "Mozilla/5.0 (X11; CrOS x86_64 14541.0.0) AppleWebKit/537.36 (KHTML, like Gecko) Chrome/133.0.0.0 Safari/537.36"
65.21.228.101 - - [18/Jun/2026:15:12:41 +0200] "POST /wp-cron.php?doing_wp_cron=1781788361.1083168983459472656250 HTTP/1.1" 200 0 "-" "WordPress/7.0; https://test1.therahuldas.com"
65.21.228.101 - - [18/Jun/2026:14:37:15 +0200] "POST /wp-cron.php?doing_wp_cron=1781786235.7249720096588134765625 HTTP/1.1" 200 0 "-" "WordPress/7.0; https://test1.therahuldas.com"
65.21.228.101 - - [18/Jun/2026:14:43:34 +0200] "POST /wp-cron.php?doing_wp_cron=1781786614.8445410728454589843750 HTTP/1.1" 200 0 "-" "WordPress/7.0; https://test1.therahuldas.com"
65.21.228.101 - - [18/Jun/2026:15:19:53 +0200] "POST /wp-cron.php?doing_wp_cron=1781788793.6142520904541015625000 HTTP/1.1" 200 0 "-" "WordPress/7.0; https://test1.therahuldas.com"
65.21.228.101 - - [18/Jun/2026:15:47:05 +0200] "POST /wp-cron.php?doing_wp_cron=1781790425.5690410137176513671875 HTTP/1.1" 200 0 "-" "WordPress/7.0; https://test1.therahuldas.com"
65.21.228.101 - - [18/Jun/2026:14:35:37 +0200] "POST /wp-cron.php?doing_wp_cron=1781786137.4042561054229736328125 HTTP/1.1" 200 0 "-" "WordPress/7.0; https://test1.therahuldas.com"
65.21.228.101 - - [18/Jun/2026:16:21:37 +0200] "POST /wp-cron.php?doing_wp_cron=1781792497.2983849048614501953125 HTTP/1.1" 200 0 "-" "WordPress/7.0; https://test1.therahuldas.com"
67.20.76.166 - - [18/Jun/2026:16:46:09 +0200] "GET /wp-login.php HTTP/2" 200 974 "-" "Mozilla/5.0 (Windows NT 10.0; Win64; x64) AppleWebKit/537.36 (KHTML, like Gecko) Chrome/120.0.0.0 Safari/537.36"
65.21.228.101 - - [18/Jun/2026:16:55:50 +0200] "POST /wp-cron.php?doing_wp_cron=1781794550.2623279094696044921875 HTTP/1.1" 200 0 "-" "WordPress/7.0; https://test1.therahuldas.com"
65.21.228.101 - - [18/Jun/2026:16:19:35 +0200] "POST /wp-cron.php?doing_wp_cron=1781792375.0075991153717041015625 HTTP/1.1" 200 0 "-" "WordPress/7.0; https://test1.therahuldas.com"
65.21.228.101 - - [18/Jun/2026:16:23:37 +0200] "POST /wp-cron.php?doing_wp_cron=1781792617.9201378822326660156250 HTTP/1.1" 200 0 "-" "WordPress/7.0; https://test1.therahuldas.com"
143.110.183.208 - - [18/Jun/2026:16:40:35 +0200] "GET /wp-login.php HTTP/2" 200 974 "-" "Mozilla/5.0 (Windows NT 10.0; Win64; x64) AppleWebKit/537.36 (KHTML, like Gecko) Chrome/120.0.0.0 Safari/537.36"
192.241.157.226 - wpcore [18/Jun/2026:16:56:10 +0200] "GET /wp-json/wp/v2/users/me HTTP/2" 401 81 "-" "Mozilla/5.0 (Macintosh; Intel Mac OS X 10_15_7) AppleWebKit/537.36 (KHTML, like Gecko) Chrome/133.0.0.0 Safari/537.36"
65.21.228.101 - - [18/Jun/2026:16:56:45 +0200] "POST /wp-cron.php?doing_wp_cron=1781794605.2921841144561767578125 HTTP/1.1" 200 0 "-" "WordPress/7.0; https://test1.therahuldas.com"
65.21.228.101 - - [18/Jun/2026:16:58:35 +0200] "POST /wp-cron.php?doing_wp_cron=1781794715.9000749588012695312500 HTTP/1.1" 200 0 "-" "WordPress/7.0; https://test1.therahuldas.com"
65.21.228.101 - - [18/Jun/2026:16:14:37 +0200] "POST /wp-cron.php?doing_wp_cron=1781792077.1283550262451171875000 HTTP/1.1" 200 0 "-" "WordPress/7.0; https://test1.therahuldas.com"
65.21.228.101 - - [18/Jun/2026:16:17:38 +0200] "POST /wp-cron.php?doing_wp_cron=1781792258.3920021057128906250000 HTTP/1.1" 200 0 "-" "WordPress/7.0; https://test1.therahuldas.com"
65.21.228.101 - - [18/Jun/2026:16:56:35 +0200] "POST /wp-cron.php?doing_wp_cron=1781794595.6920650005340576171875 HTTP/1.1" 200 0 "-" "WordPress/7.0; https://test1.therahuldas.com"
192.185.4.166 - - [18/Jun/2026:17:04:41 +0200] "GET /wp-login.php HTTP/2" 200 974 "-" "Mozilla/5.0 (Windows NT 10.0; Win64; x64) AppleWebKit/537.36 (KHTML, like Gecko) Chrome/120.0.0.0 Safari/537.36"
185.176.8.77 - - [18/Jun/2026:16:04:50 +0200] "GET /wp-login.php HTTP/2" 200 974 "-" "Mozilla/5.0 (Windows NT 10.0; Win64; x64) AppleWebKit/537.36 (KHTML, like Gecko) Chrome/120.0.0.0 Safari/537.36"
65.21.228.101 - - [18/Jun/2026:16:13:55 +0200] "POST /wp-cron.php?doing_wp_cron=1781792035.5140969753265380859375 HTTP/1.1" 200 0 "-" "WordPress/7.0; https://test1.therahuldas.com"
65.21.228.101 - - [18/Jun/2026:16:22:37 +0200] "POST /wp-cron.php?doing_wp_cron=1781792557.2440080642700195312500 HTTP/1.1" 200 0 "-" "WordPress/7.0; https://test1.therahuldas.com"
103.13.112.90 - - [18/Jun/2026:17:08:56 +0200] "GET /wp-login.php HTTP/2" 200 974 "-" "Mozilla/5.0 (Macintosh; Intel Mac OS X 10_15_7) AppleWebKit/537.36 (KHTML, like Gecko) Chrome/133.0.0.0 Safari/537.36 Edg/133.0.0.0"
103.13.112.90 - - [18/Jun/2026:17:08:56 +0200] "POST /wp-login.php HTTP/2" 200 974 "https://test1.therahuldas.com/wp-login.php" "Mozilla/5.0 (Macintosh; Intel Mac OS X 10_15_7) AppleWebKit/537.36 (KHTML, like Gecko) Chrome/133.0.0.0 Safari/537.36 Edg/133.0.0.0"
65.21.228.101 - - [18/Jun/2026:17:10:25 +0200] "POST /wp-cron.php?doing_wp_cron=1781795425.9051361083984375000000 HTTP/1.1" 200 0 "-" "WordPress/7.0; https://test1.therahuldas.com"
65.21.228.101 - - [18/Jun/2026:16:20:39 +0200] "POST /wp-cron.php?doing_wp_cron=1781792439.8902549743652343750000 HTTP/1.1" 200 0 "-" "WordPress/7.0; https://test1.therahuldas.com"
65.21.228.101 - - [18/Jun/2026:16:51:17 +0200] "POST /wp-cron.php?doing_wp_cron=1781794277.9468500614166259765625 HTTP/1.1" 200 0 "-" "WordPress/7.0; https://test1.therahuldas.com"
65.21.228.101 - - [18/Jun/2026:16:15:36 +0200] "POST /wp-cron.php?doing_wp_cron=1781792136.7127070426940917968750 HTTP/1.1" 200 0 "-" "WordPress/7.0; https://test1.therahuldas.com"
65.21.228.101 - - [18/Jun/2026:16:16:37 +0200] "POST /wp-cron.php?doing_wp_cron=1781792197.0090110301971435546875 HTTP/1.1" 200 0 "-" "WordPress/7.0; https://test1.therahuldas.com"
65.21.228.101 - - [18/Jun/2026:16:18:39 +0200] "POST /wp-cron.php?doing_wp_cron=1781792319.2693779468536376953125 HTTP/1.1" 200 0 "-" "WordPress/7.0; https://test1.therahuldas.com"
65.21.228.101 - - [18/Jun/2026:16:57:37 +0200] "POST /wp-cron.php?doing_wp_cron=1781794657.0069348812103271484375 HTTP/1.1" 200 0 "-" "WordPress/7.0; https://test1.therahuldas.com"
86.107.77.108 - - [18/Jun/2026:17:26:01 +0200] "GET /wp-login.php HTTP/2" 200 974 "-" "Mozilla/5.0 (Windows NT 10.0; Win64; x64) AppleWebKit/537.36 (KHTML, like Gecko) Chrome/120.0.0.0 Safari/537.36"
65.21.228.101 - - [18/Jun/2026:17:29:45 +0200] "POST /wp-cron.php?doing_wp_cron=1781796585.7340269088745117187500 HTTP/1.1" 200 0 "-" "WordPress/7.0; https://test1.therahuldas.com"
65.21.228.101 - - [18/Jun/2026:17:24:41 +0200] "POST /wp-cron.php?doing_wp_cron=1781796281.8049609661102294921875 HTTP/1.1" 200 0 "-" "WordPress/7.0; https://test1.therahuldas.com"
74.7.175.176 - - [18/Jun/2026:17:29:24 +0200] "GET /robots.txt HTTP/2" 301 0 "-" "Mozilla/5.0 (Macintosh; Intel Mac OS X 10_15_7) AppleWebKit/537.36 (KHTML, like Gecko) Chrome/131.0.0.0 Safari/537.36; compatible; OAI-SearchBot/1.4; robots.txt; +https://openai.com/searchbot"
65.21.228.101 - - [18/Jun/2026:17:28:13 +0200] "POST /wp-cron.php?doing_wp_cron=1781796493.5464808940887451171875 HTTP/1.1" 200 0 "-" "WordPress/7.0; https://test1.therahuldas.com"
74.7.241.28 - - [18/Jun/2026:17:29:25 +0200] "GET / HTTP/2" 301 0 "http://digitalsangita.com.therahuldas.com" "Mozilla/5.0 AppleWebKit/537.36 (KHTML, like Gecko; compatible; GPTBot/1.4; +https://openai.com/gptbot)"
74.7.175.176 - - [18/Jun/2026:17:29:28 +0200] "GET /robots.txt HTTP/2" 200 108 "https://www.test1.therahuldas.com/robots.txt" "Mozilla/5.0 (Macintosh; Intel Mac OS X 10_15_7) AppleWebKit/537.36 (KHTML, like Gecko) Chrome/131.0.0.0 Safari/537.36; compatible; OAI-SearchBot/1.4; robots.txt; +https://openai.com/searchbot"
51.222.116.95 - - [18/Jun/2026:17:22:52 +0200] "GET /wp-login.php HTTP/2" 200 974 "-" "Mozilla/5.0 (X11; Fedora; Linux x86_64) AppleWebKit/537.36 (KHTML, like Gecko) Chrome/133.0.0.0 Safari/537.36"
51.222.116.95 - - [18/Jun/2026:17:22:53 +0200] "POST /wp-login.php HTTP/2" 200 974 "https://test1.therahuldas.com/wp-login.php" "Mozilla/5.0 (X11; Fedora; Linux x86_64) AppleWebKit/537.36 (KHTML, like Gecko) Chrome/133.0.0.0 Safari/537.36"
97.74.87.194 - - [18/Jun/2026:17:41:05 +0200] "GET /wp-login.php HTTP/2" 200 974 "-" "Mozilla/5.0 (Windows NT 10.0; Win64; x64) AppleWebKit/537.36 (KHTML, like Gecko) Chrome/120.0.0.0 Safari/537.36"
65.21.228.101 - - [18/Jun/2026:17:25:57 +0200] "POST /wp-cron.php?doing_wp_cron=1781796357.5191690921783447265625 HTTP/1.1" 200 0 "-" "WordPress/7.0; https://test1.therahuldas.com"
74.7.241.145 - - [18/Jun/2026:17:29:45 +0200] "GET /robots.txt HTTP/2" 200 108 "-" "Mozilla/5.0 (Macintosh; Intel Mac OS X 10_15_7) AppleWebKit/537.36 (KHTML, like Gecko) Chrome/131.0.0.0 Safari/537.36; compatible; OAI-SearchBot/1.4; robots.txt; +https://openai.com/searchbot"
50.87.144.147 - - [18/Jun/2026:17:38:16 +0200] "GET /wp-login.php HTTP/2" 200 974 "-" "Mozilla/5.0 (Windows NT 10.0; Win64; x64) AppleWebKit/537.36 (KHTML, like Gecko) Chrome/120.0.0.0 Safari/537.36"
139.59.184.99 - - [18/Jun/2026:17:49:34 +0200] "GET /wp-login.php HTTP/2" 200 974 "-" "Mozilla/5.0 (Windows NT 10.0; Win64; x64; rv:133.0) Gecko/20100101 Firefox/133.0"
139.59.184.99 - - [18/Jun/2026:17:49:35 +0200] "POST /wp-login.php HTTP/2" 200 974 "https://test1.therahuldas.com/wp-login.php" "Mozilla/5.0 (Windows NT 10.0; Win64; x64; rv:133.0) Gecko/20100101 Firefox/133.0"
185.55.229.75 - - [18/Jun/2026:17:49:41 +0200] "GET /wp-login.php HTTP/2" 200 974 "-" "Mozilla/5.0 (Windows NT 10.0) AppleWebKit/537.36 (KHTML, like Gecko) Chrome/133.0.0.0 Safari/537.36"
185.55.229.75 - - [18/Jun/2026:17:49:43 +0200] "POST /wp-login.php HTTP/2" 200 974 "https://test1.therahuldas.com/wp-login.php" "Mozilla/5.0 (Windows NT 10.0) AppleWebKit/537.36 (KHTML, like Gecko) Chrome/133.0.0.0 Safari/537.36"
168.63.79.147 - - [18/Jun/2026:17:49:37 +0200] "GET /wp-login.php HTTP/2" 200 974 "-" "Mozilla/5.0 (Macintosh; Intel Mac OS X 10_15_7) AppleWebKit/537.36 (KHTML, like Gecko) Chrome/133.0.0.0 Safari/537.36"
168.63.79.147 - - [18/Jun/2026:17:49:38 +0200] "POST /wp-login.php HTTP/2" 200 974 "https://test1.therahuldas.com/wp-login.php" "Mozilla/5.0 (Macintosh; Intel Mac OS X 10_15_7) AppleWebKit/537.36 (KHTML, like Gecko) Chrome/133.0.0.0 Safari/537.36"
97.74.88.143 - - [18/Jun/2026:17:47:52 +0200] "GET /wp-login.php HTTP/2" 200 974 "-" "Mozilla/5.0 (Windows NT 10.0; Win64; x64) AppleWebKit/537.36 (KHTML, like Gecko) Chrome/120.0.0.0 Safari/537.36"
65.21.228.101 - - [18/Jun/2026:17:55:15 +0200] "POST /wp-cron.php?doing_wp_cron=1781798115.1245980262756347656250 HTTP/1.1" 200 0 "-" "WordPress/7.0; https://test1.therahuldas.com"
65.21.228.101 - - [18/Jun/2026:18:00:11 +0200] "POST /wp-cron.php?doing_wp_cron=1781798411.5567450523376464843750 HTTP/1.1" 200 0 "-" "WordPress/7.0; https://test1.therahuldas.com"
65.21.228.101 - - [18/Jun/2026:18:06:42 +0200] "POST /wp-cron.php?doing_wp_cron=1781798802.5808250904083251953125 HTTP/1.1" 200 0 "-" "WordPress/7.0; https://test1.therahuldas.com"
103.143.207.18 - - [18/Jun/2026:18:10:10 +0200] "GET /wp-login.php HTTP/2" 200 974 "-" "Mozilla/5.0 (X11; Linux i686) AppleWebKit/537.36 (KHTML, like Gecko) Chrome/133.0.0.0 Safari/537.36"
103.143.207.18 - - [18/Jun/2026:18:10:14 +0200] "POST /wp-login.php HTTP/2" 200 974 "https://test1.therahuldas.com/wp-login.php" "Mozilla/5.0 (X11; Linux i686) AppleWebKit/537.36 (KHTML, like Gecko) Chrome/133.0.0.0 Safari/537.36"
65.21.228.101 - - [18/Jun/2026:18:06:20 +0200] "POST /wp-cron.php?doing_wp_cron=1781798780.8076419830322265625000 HTTP/1.1" 200 0 "-" "WordPress/7.0; https://test1.therahuldas.com"
102.134.101.35 - - [18/Jun/2026:18:12:58 +0200] "GET /wp-login.php HTTP/2" 200 974 "-" "Mozilla/5.0 (Macintosh; Intel Mac OS X 11_7_10) AppleWebKit/537.36 (KHTML, like Gecko) Chrome/133.0.0.0 Safari/537.36"
102.134.101.35 - - [18/Jun/2026:18:12:59 +0200] "POST /wp-login.php HTTP/2" 200 974 "https://test1.therahuldas.com/wp-login.php" "Mozilla/5.0 (Macintosh; Intel Mac OS X 11_7_10) AppleWebKit/537.36 (KHTML, like Gecko) Chrome/133.0.0.0 Safari/537.36"
97.74.87.194 - - [18/Jun/2026:18:15:46 +0200] "GET /wp-login.php HTTP/2" 200 974 "-" "Mozilla/5.0 (Windows NT 10.0; Win64; x64) AppleWebKit/537.36 (KHTML, like Gecko) Chrome/120.0.0.0 Safari/537.36"
185.176.8.77 - - [18/Jun/2026:18:31:09 +0200] "GET /wp-login.php HTTP/2" 200 974 "-" "Mozilla/5.0 (Windows NT 10.0) AppleWebKit/537.36 (KHTML, like Gecko) Chrome/133.0.0.0 Safari/537.36"
185.176.8.77 - - [18/Jun/2026:18:31:12 +0200] "POST /wp-login.php HTTP/2" 200 974 "https://test1.therahuldas.com/wp-login.php" "Mozilla/5.0 (Windows NT 10.0) AppleWebKit/537.36 (KHTML, like Gecko) Chrome/133.0.0.0 Safari/537.36"
216.73.216.64 - - [18/Jun/2026:18:35:30 +0200] "GET /robots.txt HTTP/2" 200 108 "-" "Mozilla/5.0 AppleWebKit/537.36 (KHTML, like Gecko; compatible; ClaudeBot/1.0; +claudebot@anthropic.com)"
65.21.228.101 - - [18/Jun/2026:18:35:46 +0200] "POST /wp-cron.php?doing_wp_cron=1781800546.5303080081939697265625 HTTP/1.1" 200 0 "-" "WordPress/7.0; https://test1.therahuldas.com"
97.74.87.194 - - [18/Jun/2026:18:38:14 +0200] "GET /wp-login.php HTTP/2" 200 974 "-" "Mozilla/5.0 (Windows NT 10.0; Win64; x64) AppleWebKit/537.36 (KHTML, like Gecko) Chrome/120.0.0.0 Safari/537.36"
103.28.36.199 - - [18/Jun/2026:18:31:06 +0200] "GET /wp-login.php HTTP/2" 200 974 "-" "Mozilla/5.0 (Windows NT 10.0; WOW64) AppleWebKit/537.36 (KHTML, like Gecko) Chrome/133.0.0.0 Safari/537.36"
103.28.36.199 - - [18/Jun/2026:18:31:08 +0200] "POST /wp-login.php HTTP/2" 200 974 "https://test1.therahuldas.com/wp-login.php" "Mozilla/5.0 (Windows NT 10.0; WOW64) AppleWebKit/537.36 (KHTML, like Gecko) Chrome/133.0.0.0 Safari/537.36"
65.21.228.101 - - [18/Jun/2026:18:35:30 +0200] "POST /wp-cron.php?doing_wp_cron=1781800530.8278400897979736328125 HTTP/1.1" 200 0 "-" "WordPress/7.0; https://test1.therahuldas.com"
216.73.216.64 - - [18/Jun/2026:18:35:46 +0200] "GET /sitemap.xml HTTP/2" 301 0 "-" "Mozilla/5.0 AppleWebKit/537.36 (KHTML, like Gecko; compatible; ClaudeBot/1.0; +claudebot@anthropic.com)"
216.73.216.64 - - [18/Jun/2026:18:35:46 +0200] "GET /sitemaps.xml HTTP/2" 200 241 "https://test1.therahuldas.com/sitemap.xml" "Mozilla/5.0 AppleWebKit/537.36 (KHTML, like Gecko; compatible; ClaudeBot/1.0; +claudebot@anthropic.com)"
137.184.90.64 - - [18/Jun/2026:18:51:34 +0200] "GET /wp-login.php HTTP/2" 200 974 "-" "Mozilla/5.0 (X11; Linux x86_64; rv:133.0) Gecko/20100101 Firefox/133.0"
137.184.90.64 - - [18/Jun/2026:18:51:36 +0200] "POST /wp-login.php HTTP/2" 200 974 "https://test1.therahuldas.com/wp-login.php" "Mozilla/5.0 (X11; Linux x86_64; rv:133.0) Gecko/20100101 Firefox/133.0"
104.248.158.72 - - [18/Jun/2026:19:01:04 +0200] "GET /wp-login.php HTTP/2" 200 974 "-" "Mozilla/5.0 (Macintosh; Intel Mac OS X 10_15_7) AppleWebKit/537.36 (KHTML, like Gecko) Chrome/133.0.0.0 Safari/537.36 Edg/133.0.0.0"
104.248.158.72 - - [18/Jun/2026:19:01:05 +0200] "POST /wp-login.php HTTP/2" 200 974 "https://test1.therahuldas.com/wp-login.php" "Mozilla/5.0 (Macintosh; Intel Mac OS X 10_15_7) AppleWebKit/537.36 (KHTML, like Gecko) Chrome/133.0.0.0 Safari/537.36 Edg/133.0.0.0"
65.21.228.101 - - [18/Jun/2026:18:47:37 +0200] "POST /wp-cron.php?doing_wp_cron=1781801257.9241900444030761718750 HTTP/1.1" 200 0 "-" "WordPress/7.0; https://test1.therahuldas.com"
97.74.88.143 - - [18/Jun/2026:19:10:19 +0200] "GET /wp-login.php HTTP/2" 200 974 "-" "Mozilla/5.0 (Windows NT 10.0; Win64; x64) AppleWebKit/537.36 (KHTML, like Gecko) Chrome/120.0.0.0 Safari/537.36"
192.185.4.166 - - [18/Jun/2026:19:09:18 +0200] "GET /wp-login.php HTTP/2" 200 974 "-" "Mozilla/5.0 (Windows NT 10.0; Win64; x64) AppleWebKit/537.36 (KHTML, like Gecko) Chrome/120.0.0.0 Safari/537.36"
65.21.228.101 - - [18/Jun/2026:19:09:17 +0200] "POST /wp-cron.php?doing_wp_cron=1781802557.4443299770355224609375 HTTP/1.1" 200 0 "-" "WordPress/7.0; https://test1.therahuldas.com"
207.154.222.236 - - [18/Jun/2026:19:11:42 +0200] "GET /wp-login.php HTTP/2" 200 974 "-" "Mozilla/5.0 (Macintosh; Intel Mac OS X 10_15_7) AppleWebKit/537.36 (KHTML, like Gecko) Chrome/133.0.0.0 Safari/537.36 Edg/133.0.0.0"
207.154.222.236 - - [18/Jun/2026:19:11:43 +0200] "POST /wp-login.php HTTP/2" 200 974 "https://test1.therahuldas.com/wp-login.php" "Mozilla/5.0 (Macintosh; Intel Mac OS X 10_15_7) AppleWebKit/537.36 (KHTML, like Gecko) Chrome/133.0.0.0 Safari/537.36 Edg/133.0.0.0"
65.21.228.101 - - [18/Jun/2026:19:11:33 +0200] "POST /wp-cron.php?doing_wp_cron=1781802693.6002879142761230468750 HTTP/1.1" 200 0 "-" "WordPress/7.0; https://test1.therahuldas.com"
168.63.79.147 - - [18/Jun/2026:19:11:47 +0200] "GET /wp-login.php HTTP/2" 200 974 "-" "Mozilla/5.0 (Macintosh; Intel Mac OS X 10_15_7) AppleWebKit/537.36 (KHTML, like Gecko) Chrome/133.0.0.0 Safari/537.36"
168.63.79.147 - - [18/Jun/2026:19:11:49 +0200] "POST /wp-login.php HTTP/2" 200 974 "https://test1.therahuldas.com/wp-login.php" "Mozilla/5.0 (Macintosh; Intel Mac OS X 10_15_7) AppleWebKit/537.36 (KHTML, like Gecko) Chrome/133.0.0.0 Safari/537.36"
192.241.157.226 - - [18/Jun/2026:19:26:33 +0200] "GET /wp-login.php HTTP/2" 200 974 "-" "Mozilla/5.0 (X11; Linux x86_64) AppleWebKit/537.36 (KHTML, like Gecko) Chrome/133.0.0.0 Safari/537.36 Edg/133.0.0.0"
192.241.157.226 - - [18/Jun/2026:19:26:33 +0200] "POST /wp-login.php HTTP/2" 200 974 "https://test1.therahuldas.com/wp-login.php" "Mozilla/5.0 (X11; Linux x86_64) AppleWebKit/537.36 (KHTML, like Gecko) Chrome/133.0.0.0 Safari/537.36 Edg/133.0.0.0"
192.241.157.226 - - [18/Jun/2026:19:26:33 +0200] "GET /wp-login.php HTTP/2" 200 974 "-" "Mozilla/5.0 (X11; Ubuntu; Linux x86_64) AppleWebKit/537.36 (KHTML, like Gecko) Chrome/133.0.0.0 Safari/537.36"
66.249.72.66 - - [18/Jun/2026:19:22:32 +0200] "GET /robots.txt HTTP/1.1" 200 108 "-" "Mozilla/5.0 (compatible; Googlebot/2.1; +http://www.google.com/bot.html)"
192.241.157.226 - wpcore [18/Jun/2026:19:26:53 +0200] "GET /wp-json/wp/v2/users/me HTTP/2" 401 81 "-" "Mozilla/5.0 (X11; Ubuntu; Linux x86_64) AppleWebKit/537.36 (KHTML, like Gecko) Chrome/133.0.0.0 Safari/537.36"
144.16.144.93 - - [18/Jun/2026:19:38:03 +0200] "GET /wp-login.php HTTP/2" 200 974 "-" "Mozilla/5.0 (Windows NT 10.0; Win64; x64) AppleWebKit/537.36 (KHTML, like Gecko) Chrome/120.0.0.0 Safari/537.36"
51.79.254.190 - - [18/Jun/2026:19:54:42 +0200] "GET /wp-login.php HTTP/2" 200 974 "-" "Mozilla/5.0 (Windows NT 10.0; Win64; x64) AppleWebKit/537.36 (KHTML, like Gecko) Chrome/133.0.0.0 Safari/537.36"
51.79.254.190 - - [18/Jun/2026:19:54:42 +0200] "POST /wp-login.php HTTP/2" 200 974 "https://test1.therahuldas.com/wp-login.php" "Mozilla/5.0 (Windows NT 10.0; Win64; x64) AppleWebKit/537.36 (KHTML, like Gecko) Chrome/133.0.0.0 Safari/537.36"
192.185.4.94 - - [18/Jun/2026:19:58:27 +0200] "GET /wp-login.php HTTP/2" 200 974 "-" "Mozilla/5.0 (Windows NT 10.0; Win64; x64) AppleWebKit/537.36 (KHTML, like Gecko) Chrome/120.0.0.0 Safari/537.36"
65.21.228.101 - - [18/Jun/2026:20:00:32 +0200] "POST /wp-cron.php?doing_wp_cron=1781805632.5222280025482177734375 HTTP/1.1" 200 0 "-" "WordPress/7.0; https://test1.therahuldas.com"
68.183.22.192 - - [18/Jun/2026:19:54:42 +0200] "GET /wp-login.php HTTP/2" 200 974 "-" "Mozilla/5.0 (Windows NT 10.0; WOW64) AppleWebKit/537.36 (KHTML, like Gecko) Chrome/133.0.0.0 Safari/537.36"
68.183.22.192 - - [18/Jun/2026:19:54:43 +0200] "POST /wp-login.php HTTP/2" 200 974 "https://test1.therahuldas.com/wp-login.php" "Mozilla/5.0 (Windows NT 10.0; WOW64) AppleWebKit/537.36 (KHTML, like Gecko) Chrome/133.0.0.0 Safari/537.36"
65.21.228.101 - - [18/Jun/2026:20:10:26 +0200] "POST /wp-cron.php?doing_wp_cron=1781806226.1677799224853515625000 HTTP/1.1" 200 0 "-" "WordPress/7.0; https://test1.therahuldas.com"
103.143.207.18 - - [18/Jun/2026:20:14:37 +0200] "GET /wp-login.php HTTP/2" 200 974 "-" "Mozilla/5.0 (X11; Linux x86_64) AppleWebKit/537.36 (KHTML, like Gecko) Chrome/133.0.0.0 Safari/537.36 Edg/133.0.0.0"
103.143.207.18 - - [18/Jun/2026:20:14:37 +0200] "POST /wp-login.php HTTP/2" 200 974 "https://test1.therahuldas.com/wp-login.php" "Mozilla/5.0 (X11; Linux x86_64) AppleWebKit/537.36 (KHTML, like Gecko) Chrome/133.0.0.0 Safari/537.36 Edg/133.0.0.0"
51.158.126.65 - - [18/Jun/2026:20:14:35 +0200] "GET /wp-login.php HTTP/2" 200 974 "-" "Mozilla/5.0 (X11; Ubuntu; Linux x86_64) AppleWebKit/537.36 (KHTML, like Gecko) Chrome/133.0.0.0 Safari/537.36"
51.158.126.65 - - [18/Jun/2026:20:14:35 +0200] "POST /wp-login.php HTTP/2" 200 974 "https://test1.therahuldas.com/wp-login.php" "Mozilla/5.0 (X11; Ubuntu; Linux x86_64) AppleWebKit/537.36 (KHTML, like Gecko) Chrome/133.0.0.0 Safari/537.36"
201.76.149.85 - - [18/Jun/2026:20:21:41 +0200] "GET /wp-login.php HTTP/2" 200 974 "-" "Mozilla/5.0 (Macintosh; Intel Mac OS X 10_15_7) AppleWebKit/605.1.15 (KHTML, like Gecko) Version/18.3 Safari/605.1.15"
201.76.149.85 - - [18/Jun/2026:20:21:43 +0200] "POST /wp-login.php HTTP/2" 200 974 "https://test1.therahuldas.com/wp-login.php" "Mozilla/5.0 (Macintosh; Intel Mac OS X 10_15_7) AppleWebKit/605.1.15 (KHTML, like Gecko) Version/18.3 Safari/605.1.15"
14.128.15.191 - - [18/Jun/2026:20:21:26 +0200] "GET /wp-login.php HTTP/2" 200 974 "-" "Mozilla/5.0 (Windows NT 10.0; Win64; x64) AppleWebKit/537.36 (KHTML, like Gecko) Chrome/120.0.0.0 Safari/537.36"
65.21.228.101 - - [18/Jun/2026:20:26:49 +0200] "POST /wp-cron.php?doing_wp_cron=1781807209.0180830955505371093750 HTTP/1.1" 200 0 "-" "WordPress/7.0; https://test1.therahuldas.com"
129.211.218.71 - - [18/Jun/2026:20:26:12 +0200] "GET /wp-login.php HTTP/2" 200 974 "-" "Mozilla/5.0 (Windows NT 10.0; Win64; x64) AppleWebKit/537.36 (KHTML, like Gecko) Chrome/120.0.0.0 Safari/537.36"
65.21.228.101 - - [18/Jun/2026:20:59:48 +0200] "POST /wp-cron.php?doing_wp_cron=1781809188.6978209018707275390625 HTTP/1.1" 200 0 "-" "WordPress/7.0; https://test1.therahuldas.com"
82.165.2.98 - wpcore [18/Jun/2026:20:49:56 +0200] "GET /wp-json/wp/v2/users/me HTTP/2" 401 81 "-" "Mozilla/5.0 (X11; Linux x86_64; rv:133.0) Gecko/20100101 Firefox/133.0"
65.21.228.101 - - [18/Jun/2026:20:55:47 +0200] "POST /wp-cron.php?doing_wp_cron=1781808946.9948940277099609375000 HTTP/1.1" 200 0 "-" "WordPress/7.0; https://test1.therahuldas.com"
115.78.9.138 - - [18/Jun/2026:20:51:36 +0200] "GET /wp-login.php HTTP/2" 200 974 "-" "Mozilla/5.0 (Windows NT 10.0; Win64; x64) AppleWebKit/537.36 (KHTML, like Gecko) Chrome/120.0.0.0 Safari/537.36"
23.95.129.26 - - [18/Jun/2026:20:55:18 +0200] "GET /wp-login.php HTTP/2" 200 974 "-" "Mozilla/5.0 (X11; Linux x86_64) AppleWebKit/537.36 (KHTML, like Gecko) Chrome/133.0.0.0 Safari/537.36 Edg/133.0.0.0"
23.95.129.26 - ecom [18/Jun/2026:20:55:25 +0200] "GET /wp-json/wp/v2/users/me HTTP/2" 401 81 "-" "Mozilla/5.0 (X11; Linux x86_64) AppleWebKit/537.36 (KHTML, like Gecko) Chrome/133.0.0.0 Safari/537.36 Edg/133.0.0.0"
65.21.228.101 - - [18/Jun/2026:20:57:34 +0200] "POST /wp-admin/admin-ajax.php?action=wp_1_wc_privacy_cleanup&nonce=974a6fb295 HTTP/1.1" 200 0 "-" "WordPress/7.0; https://test1.therahuldas.com"
65.21.228.101 - - [18/Jun/2026:20:50:00 +0200] "POST /wp-cron.php?doing_wp_cron=1781808600.7997059822082519531250 HTTP/1.1" 200 0 "-" "WordPress/7.0; https://test1.therahuldas.com"
65.21.228.101 - - [18/Jun/2026:20:51:54 +0200] "POST /wp-cron.php?doing_wp_cron=1781808714.8025960922241210937500 HTTP/1.1" 200 0 "-" "WordPress/7.0; https://test1.therahuldas.com"
217.160.212.27 - - [18/Jun/2026:21:15:20 +0200] "GET /wp-login.php HTTP/2" 200 974 "-" "Mozilla/5.0 (Macintosh; Intel Mac OS X 10_15_7) AppleWebKit/537.36 (KHTML, like Gecko) Chrome/133.0.0.0 Safari/537.36"
217.160.212.27 - - [18/Jun/2026:21:15:21 +0200] "POST /wp-login.php HTTP/2" 200 974 "https://test1.therahuldas.com/wp-login.php" "Mozilla/5.0 (Macintosh; Intel Mac OS X 10_15_7) AppleWebKit/537.36 (KHTML, like Gecko) Chrome/133.0.0.0 Safari/537.36"
103.143.207.18 - - [18/Jun/2026:21:15:22 +0200] "GET /wp-login.php HTTP/2" 200 974 "-" "Mozilla/5.0 (Windows NT 10.0) AppleWebKit/537.36 (KHTML, like Gecko) Chrome/133.0.0.0 Safari/537.36"
103.143.207.18 - - [18/Jun/2026:21:15:22 +0200] "POST /wp-login.php HTTP/2" 200 974 "https://test1.therahuldas.com/wp-login.php" "Mozilla/5.0 (Windows NT 10.0) AppleWebKit/537.36 (KHTML, like Gecko) Chrome/133.0.0.0 Safari/537.36"
62.171.140.12 - - [18/Jun/2026:21:15:24 +0200] "GET /wp-login.php HTTP/2" 200 974 "-" "Mozilla/5.0 (Windows NT 10.0; Win64; x64; rv:133.0) Gecko/20100101 Firefox/133.0"
62.171.140.12 - - [18/Jun/2026:21:15:24 +0200] "POST /wp-login.php HTTP/2" 200 974 "https://test1.therahuldas.com/wp-login.php" "Mozilla/5.0 (Windows NT 10.0; Win64; x64; rv:133.0) Gecko/20100101 Firefox/133.0"
65.21.228.101 - - [18/Jun/2026:21:30:37 +0200] "POST /wp-cron.php?doing_wp_cron=1781811037.7962551116943359375000 HTTP/1.1" 200 0 "-" "WordPress/7.0; https://test1.therahuldas.com"
65.21.228.101 - - [18/Jun/2026:21:20:41 +0200] "POST /wp-cron.php?doing_wp_cron=1781810441.3282170295715332031250 HTTP/1.1" 200 0 "-" "WordPress/7.0; https://test1.therahuldas.com"
65.21.228.101 - - [18/Jun/2026:21:28:28 +0200] "POST /wp-cron.php?doing_wp_cron=1781810908.2021050453186035156250 HTTP/1.1" 200 0 "-" "WordPress/7.0; https://test1.therahuldas.com"
65.21.228.101 - - [18/Jun/2026:21:43:39 +0200] "POST /wp-cron.php?doing_wp_cron=1781811819.3849670886993408203125 HTTP/1.1" 200 0 "-" "WordPress/7.0; https://test1.therahuldas.com"
185.176.8.77 - ecom [18/Jun/2026:21:38:49 +0200] "GET /wp-json/wp/v2/users/me HTTP/2" 401 81 "-" "Mozilla/5.0 (Macintosh; Intel Mac OS X 14_7_4) AppleWebKit/537.36 (KHTML, like Gecko) Chrome/133.0.0.0 Safari/537.36"
39.103.212.139 - - [18/Jun/2026:21:38:31 +0200] "GET /wp-login.php HTTP/2" 200 974 "-" "Mozilla/5.0 (Macintosh; Intel Mac OS X 11_7_10) AppleWebKit/537.36 (KHTML, like Gecko) Chrome/133.0.0.0 Safari/537.36"
39.103.212.139 - - [18/Jun/2026:21:38:32 +0200] "POST /wp-login.php HTTP/2" 200 974 "https://test1.therahuldas.com/wp-login.php" "Mozilla/5.0 (Macintosh; Intel Mac OS X 11_7_10) AppleWebKit/537.36 (KHTML, like Gecko) Chrome/133.0.0.0 Safari/537.36"
65.21.228.101 - - [18/Jun/2026:21:38:41 +0200] "POST /wp-cron.php?doing_wp_cron=1781811521.2943279743194580078125 HTTP/1.1" 200 0 "-" "WordPress/7.0; https://test1.therahuldas.com"
185.55.229.75 - - [18/Jun/2026:21:38:30 +0200] "GET /wp-login.php HTTP/2" 200 974 "-" "Mozilla/5.0 (Macintosh; Intel Mac OS X 10_15_7) AppleWebKit/605.1.15 (KHTML, like Gecko) Version/18.3 Safari/605.1.15"
185.55.229.75 - - [18/Jun/2026:21:38:40 +0200] "POST /wp-login.php HTTP/2" 200 974 "https://test1.therahuldas.com/wp-login.php" "Mozilla/5.0 (Macintosh; Intel Mac OS X 10_15_7) AppleWebKit/605.1.15 (KHTML, like Gecko) Version/18.3 Safari/605.1.15"
65.21.228.101 - - [18/Jun/2026:22:04:08 +0200] "POST /wp-cron.php?doing_wp_cron=1781813047.8902680873870849609375 HTTP/1.1" 200 0 "-" "WordPress/7.0; https://test1.therahuldas.com"
65.21.228.101 - - [18/Jun/2026:22:02:46 +0200] "POST /wp-cron.php?doing_wp_cron=1781812966.5913240909576416015625 HTTP/1.1" 200 0 "-" "WordPress/7.0; https://test1.therahuldas.com"
65.21.228.101 - - [18/Jun/2026:22:05:56 +0200] "POST /wp-cron.php?doing_wp_cron=1781813156.8062219619750976562500 HTTP/1.1" 200 0 "-" "WordPress/7.0; https://test1.therahuldas.com"
65.21.228.101 - - [18/Jun/2026:22:05:11 +0200] "POST /wp-cron.php?doing_wp_cron=1781813111.0953071117401123046875 HTTP/1.1" 200 0 "-" "WordPress/7.0; https://test1.therahuldas.com"
65.21.228.101 - - [18/Jun/2026:22:07:37 +0200] "POST /wp-cron.php?doing_wp_cron=1781813257.6935200691223144531250 HTTP/1.1" 200 0 "-" "WordPress/7.0; https://test1.therahuldas.com"
103.143.207.18 - - [18/Jun/2026:22:05:42 +0200] "GET /wp-login.php HTTP/2" 200 974 "-" "Mozilla/5.0 (X11; Ubuntu; Linux x86_64; rv:133.0) Gecko/20100101 Firefox/133.0"
103.143.207.18 - - [18/Jun/2026:22:05:43 +0200] "POST /wp-login.php HTTP/2" 200 974 "https://test1.therahuldas.com/wp-login.php" "Mozilla/5.0 (X11; Ubuntu; Linux x86_64; rv:133.0) Gecko/20100101 Firefox/133.0"
65.21.228.101 - - [18/Jun/2026:22:11:43 +0200] "POST /wp-cron.php?doing_wp_cron=1781813503.3983020782470703125000 HTTP/1.1" 200 0 "-" "WordPress/7.0; https://test1.therahuldas.com"
65.21.228.101 - - [18/Jun/2026:22:14:44 +0200] "POST /wp-cron.php?doing_wp_cron=1781813684.5920970439910888671875 HTTP/1.1" 200 0 "-" "WordPress/7.0; https://test1.therahuldas.com"
65.21.228.101 - - [18/Jun/2026:22:12:39 +0200] "POST /wp-cron.php?doing_wp_cron=1781813559.4972779750823974609375 HTTP/1.1" 200 0 "-" "WordPress/7.0; https://test1.therahuldas.com"
65.21.228.101 - - [18/Jun/2026:22:21:55 +0200] "POST /wp-cron.php?doing_wp_cron=1781814115.8023269176483154296875 HTTP/1.1" 200 0 "-" "WordPress/7.0; https://test1.therahuldas.com"
65.21.228.101 - - [18/Jun/2026:22:25:03 +0200] "POST /wp-cron.php?doing_wp_cron=1781814303.5033080577850341796875 HTTP/1.1" 200 0 "-" "WordPress/7.0; https://test1.therahuldas.com"
213.171.208.62 - - [18/Jun/2026:22:41:30 +0200] "GET /wp-login.php HTTP/2" 200 974 "-" "Mozilla/5.0 (X11; CrOS x86_64 14541.0.0) AppleWebKit/537.36 (KHTML, like Gecko) Chrome/133.0.0.0 Safari/537.36"
213.171.208.62 - - [18/Jun/2026:22:41:31 +0200] "POST /wp-login.php HTTP/2" 200 974 "https://test1.therahuldas.com/wp-login.php" "Mozilla/5.0 (X11; CrOS x86_64 14541.0.0) AppleWebKit/537.36 (KHTML, like Gecko) Chrome/133.0.0.0 Safari/537.36"
207.246.106.68 - - [18/Jun/2026:22:29:36 +0200] "GET /wp-login.php HTTP/2" 200 974 "-" "Mozilla/5.0 (Windows NT 10.0; Win64; x64) AppleWebKit/537.36 (KHTML, like Gecko) Chrome/120.0.0.0 Safari/537.36"
198.58.105.40 - - [18/Jun/2026:22:32:17 +0200] "GET /wp-login.php HTTP/2" 200 974 "-" "Mozilla/5.0 (Windows NT 10.0; Win64; x64) AppleWebKit/537.36 (KHTML, like Gecko) Chrome/120.0.0.0 Safari/537.36"
167.99.197.34 - - [18/Jun/2026:22:32:53 +0200] "GET /wp-login.php HTTP/2" 200 974 "-" "Mozilla/5.0 (Macintosh; Intel Mac OS X 11_7_10) AppleWebKit/537.36 (KHTML, like Gecko) Chrome/133.0.0.0 Safari/537.36"
167.99.197.34 - - [18/Jun/2026:22:32:53 +0200] "POST /wp-login.php HTTP/2" 200 974 "https://test1.therahuldas.com/wp-login.php" "Mozilla/5.0 (Macintosh; Intel Mac OS X 11_7_10) AppleWebKit/537.36 (KHTML, like Gecko) Chrome/133.0.0.0 Safari/537.36"
65.21.228.101 - - [18/Jun/2026:22:29:55 +0200] "POST /wp-cron.php?doing_wp_cron=1781814595.5981290340423583984375 HTTP/1.1" 200 0 "-" "WordPress/7.0; https://test1.therahuldas.com"
87.192.224.131 - - [18/Jun/2026:22:59:13 +0200] "GET /wp-login.php HTTP/2" 200 974 "-" "Mozilla/5.0 (X11; CrOS x86_64 14541.0.0) AppleWebKit/537.36 (KHTML, like Gecko) Chrome/133.0.0.0 Safari/537.36"
87.192.224.131 - - [18/Jun/2026:22:59:14 +0200] "POST /wp-login.php HTTP/2" 200 974 "https://test1.therahuldas.com/wp-login.php" "Mozilla/5.0 (X11; CrOS x86_64 14541.0.0) AppleWebKit/537.36 (KHTML, like Gecko) Chrome/133.0.0.0 Safari/537.36"
103.133.215.148 - - [18/Jun/2026:22:48:04 +0200] "GET /wp-login.php HTTP/2" 200 974 "-" "Mozilla/5.0 (Windows NT 10.0; Win64; x64) AppleWebKit/537.36 (KHTML, like Gecko) Chrome/120.0.0.0 Safari/537.36"
144.91.97.205 - - [18/Jun/2026:22:48:17 +0200] "GET /wp-login.php HTTP/2" 200 974 "-" "Mozilla/5.0 (Windows NT 10.0; Win64; x64) AppleWebKit/537.36 (KHTML, like Gecko) Chrome/120.0.0.0 Safari/537.36"
65.21.228.101 - - [18/Jun/2026:23:05:40 +0200] "POST /wp-cron.php?doing_wp_cron=1781816740.6153850555419921875000 HTTP/1.1" 200 0 "-" "WordPress/7.0; https://test1.therahuldas.com"
65.21.228.101 - - [18/Jun/2026:22:59:34 +0200] "POST /wp-cron.php?doing_wp_cron=1781816374.6455450057983398437500 HTTP/1.1" 200 0 "-" "WordPress/7.0; https://test1.therahuldas.com"
192.241.157.226 - - [18/Jun/2026:23:02:27 +0200] "GET /wp-login.php HTTP/2" 200 974 "-" "Mozilla/5.0 (Windows NT 10.0; Win64; x64) AppleWebKit/537.36 (KHTML, like Gecko) Chrome/133.0.0.0 Safari/537.36 Edg/133.0.0.0"
192.241.157.226 - - [18/Jun/2026:23:02:30 +0200] "POST /wp-login.php HTTP/2" 200 974 "https://test1.therahuldas.com/wp-login.php" "Mozilla/5.0 (Windows NT 10.0; Win64; x64) AppleWebKit/537.36 (KHTML, like Gecko) Chrome/133.0.0.0 Safari/537.36 Edg/133.0.0.0"
103.208.218.164 - - [18/Jun/2026:22:59:31 +0200] "GET /wp-login.php HTTP/2" 200 974 "-" "Mozilla/5.0 (X11; Fedora; Linux x86_64) AppleWebKit/537.36 (KHTML, like Gecko) Chrome/133.0.0.0 Safari/537.36"
103.208.218.164 - wpcore [18/Jun/2026:22:59:33 +0200] "GET /wp-json/wp/v2/users/me HTTP/2" 401 81 "-" "Mozilla/5.0 (X11; Fedora; Linux x86_64) AppleWebKit/537.36 (KHTML, like Gecko) Chrome/133.0.0.0 Safari/537.36"